70 + -82. Let c(s) = s**3 + 13*s**2 + 17*s - 10. Let o be c(u). Let t = o - -110. What is the tens digit of t?
4
Let u(k) = -k**3 - 18*k**2 + 15*k - 18. Let h(a) = a**2 + 13*a + 3. Suppose 0 = 10*q - 7*q + 33. Let i be h(q). What is the tens digit of u(i)?
5
Let t be ((-4)/(64/24))/(6/(-4)). What is the hundreds digit of (-71)/((-4)/12*t)?
2
Suppose -9*h - 83 = -6536. Suppose h*b + 1212 = 723*b. What is the units digit of b?
2
Let i(b) = -2 + 4 - 6 - 26*b + 2*b. Suppose 0 = 4*g - n + 29, -g + 2*n + 10 = 26. What is the tens digit of i(g)?
4
Suppose -98*v = 99*v - 15*v - 1783418. What is the hundreds digit of v?
7
Suppose 4*b = -4*l + 19116, -36*b = -33*b + 15. What is the tens digit of l?
8
What is the thousands digit of (1/(-3) - 4887/162)*-562?
7
Let c = 69 + -35. Suppose -4 = 5*f - c. Suppose 0 = -f*s + s + 20. What is the units digit of s?
4
Suppose 3*d = 2*h + 299, -10*d + 15*d = -3*h - 458. Let k = -59 - h. What is the units digit of k?
2
Suppose 3*n = -648*c + 653*c - 87811, -70253 = -4*c + 3*n. What is the hundreds digit of c?
5
What is the hundreds digit of (-5*(-2)/(-4 - -2))/((-1)/12368)?
8
Suppose 17*a + 8189 - 14598 = 0. What is the tens digit of a?
7
Suppose 0 = -7*p - 8*p + 16020. Suppose 195*k = 189*k + p. What is the tens digit of k?
7
Let n(v) = -v**3 + 3*v**2 + 4*v - 6. Let r be n(3). Suppose -4*c - r*c + 0*c = 0. Suppose -6*x - x + 896 = c. What is the hundreds digit of x?
1
Let x = -28 + 34. Suppose 0 = -x*o + 338 + 40. Let p = 18 + o. What is the tens digit of p?
8
Suppose -o = y - 27784, -5*y - o + 128859 = -10097. What is the units digit of y?
3
Let z(i) = i**3 - 2*i**2 + 10*i + 7. Let u be z(-7). Let v = 1291 + u. What is the hundreds digit of v?
7
Suppose -3*c + 22194 = -o, 4*o = 19*c - 18*c - 7376. What is the units digit of c?
0
What is the thousands digit of (789633/(-204))/((-6)/8)?
5
Let n(u) = u**2 - 8*u - 17. Let o be n(-8). Let i be (10/5)/(4/(-122)). Let m = i + o. What is the units digit of m?
0
Suppose -3195 - 5453 = 8*h. Let j = -668 - h. What is the tens digit of j?
1
Let a = -23158 - -35096. What is the tens digit of a?
3
Suppose -2*n = -4*c + 58740, 5*n - 29358 = 2*c - 4*c. Suppose 0 = -14*v + c - 3386. What is the hundreds digit of v?
8
Suppose -8 = -6*d + 22. Suppose s + h = -2*h + 11, d*s = 4*h - 2. Suppose 0 = -s*k + 168 + 32. What is the units digit of k?
0
Suppose -13*r - 45 = 33. Let o = 10 - 78. What is the units digit of ((-21)/6 + 2)*(o + r)?
1
Suppose f + 7*x - 11*x = 5521, 4*x = -f + 5529. What is the units digit of f?
5
Suppose 4*n + 2*c - 1240 = 0, -c - 153 - 1383 = -5*n. Suppose -2*a = 0, 2*v = -2*v - 2*a + n. What is the units digit of v?
7
Let h be ((-915)/60)/((-1)/4). Suppose h = r + 59. Suppose 2*f - r*v - 157 = f, 0 = f - v - 153. What is the units digit of f?
9
Suppose 5*u - 4596 = -5*i + 1729, -5*i - 1235 = -u. Suppose -3*r - 3150 = -11*x + 6*x, u = 2*x + 5*r. What is the tens digit of x?
3
Suppose 2*s + 3*j + 99 = 0, 3*s + j + 150 = -2*j. Suppose 2170*f - 2184*f = 2002. Let g = s - f. What is the units digit of g?
2
Suppose 24*w - 85180 = 88892. What is the thousands digit of w?
7
Suppose -6*k + 4 + 20 = 0. Suppose c + 434 = 2*c + 5*u, -4*c = -k*u - 1784. Suppose 3*h - 174 = 5*p - c, -2*h - 275 = -5*p. What is the tens digit of p?
5
Let u = 4276 - 46. Suppose -u = -35*y + 20*y. What is the hundreds digit of y?
2
Suppose -3*g - z = -0*g - 9, 0 = -3*g + 5*z + 9. What is the units digit of g/(-5) + (-3706)/(-85)?
3
Let g(t) = -687*t + 197. Let s be g(-6). Suppose 40*j + 2*f = 37*j + s, -4*f - 1421 = -j. What is the thousands digit of j?
1
Suppose 4*r = 3*r + 35. Let h(t) = -106 + r - 146*t + t**2 + 134*t. What is the units digit of h(23)?
2
Let m(y) = 3*y**2 + 20*y + 53. Let h be m(-11). Let p be 2/3 + 8/6. Suppose 2*x + p*l = h, -4*x + 453 - 66 = -l. What is the units digit of x?
7
Let q = -37180 - -74427. What is the hundreds digit of q?
2
Let c = 629 - 628. What is the hundreds digit of (3/12 - 1)/(c/(-648))?
4
Suppose -4*v - 2 = -5*v. Suppose 5*y = -4*b + 511, b = -3 + v. Let j = -4 + y. What is the units digit of j?
9
Let f(k) = -83*k**3 + k**2 + 2*k. Let u be (-234)/(-5) + 0 + (-7)/(-35). Let i = u + -48. What is the tens digit of f(i)?
8
Let l(y) = 11*y - 37. Let j be ((-64)/(-12) + -5)*39. Let n be l(j). Let p = 227 - n. What is the hundreds digit of p?
1
Let z(r) = -4 + 21 + 49 - 2*r - 14. Let f be z(23). Let h(q) = 21*q + 16. What is the tens digit of h(f)?
4
Let q be 3/6 + (-966)/(-4). Let x = 88 + q. What is the tens digit of x?
3
Let l be (-8)/(-28) - (1 + 183/(-21)). Suppose 0 = 7*y + l - 211. What is the units digit of (20/16)/(-5)*-20*y?
5
Let f(o) = -o**2 + o + 32. Let w be f(-5). Suppose -7*d + 4*v + 665 = -6*d, -w*d - v + 1321 = 0. What is the hundreds digit of d?
6
Let j(n) = -n**2 + 14*n + 1. Let v be (-4)/(-20) - 296/(-20). Let c be j(v). What is the units digit of c/(-84) - (-658)/12?
5
Suppose 4*b + 2*d - 15 = -3*d, -5*b + 12 = 4*d. Suppose b*f - 7*f = -4270. What is the tens digit of f?
1
Let u(k) = k**3 - 4*k**2 - 12*k - 24. Let i be u(10). Suppose 4*a + g - 5*g = i, -3*g + 114 = a. What is the hundreds digit of a?
1
Suppose 3*t - 39512 - 14204 = -10*t. What is the thousands digit of t?
4
Let o = -90 + 92. Suppose 5*z + m = -30, 5*m = o*z - 4*z + 11. What is the tens digit of (z - -4)/3 - 14*-2?
2
Suppose -5*s = 10, -6*g + 4 = -5*g - s. Let d be (g/4)/(12/(-96)). What is the units digit of 6/d + (2 - (-65)/2)?
3
Let h(g) = 278*g**2 - 48*g + 213. What is the tens digit of h(5)?
2
Suppose -4*q + 73346 = -5*j, 5*q + 9*j + 35827 - 127540 = 0. What is the tens digit of q?
3
Let m(c) = 137*c**2 + 18*c - 46. Suppose 3*d - 4*s - 9 = 0, -3*s - 12 = d - 15. What is the units digit of m(d)?
1
Suppose 4*v - 5*k - 12679 = 7409, -15069 = -3*v + 3*k. What is the hundreds digit of v?
0
Suppose 2*c - 3*y - 1629 = -2*y, -4*c + 3263 = -y. What is the units digit of c?
7
Let l(s) = 13*s**2 - 32*s + 98. Let u be 945/84 - (2 + (-21)/12). What is the thousands digit of l(u)?
1
Suppose -4*l - 4*q + q = 966, 478 = -2*l + q. Let s = l + 481. What is the hundreds digit of s?
2
Suppose 7178887 = 96*q + 2091175. What is the thousands digit of q?
2
Suppose -47*r + 4*n = -43*r - 38872, 0 = -5*n + 15. What is the tens digit of r?
2
Let f(h) = -h**3 + 3*h**2 - 5*h + 9. Let t be f(3). Let v be 0 - -14 - ((2 - -3) + t). What is the tens digit of (-10)/v*-3*44?
8
Suppose w = -77*s + 74*s + 202155, 2*w = s - 67399. What is the ten thousands digit of s?
6
Let a = 127 + 62. Let p = a - 6. Suppose 0*u = -4*u + 3*h + p, 0 = -5*u + 2*h + 234. What is the units digit of u?
8
Let c be ((-407)/(-44))/((-1)/(-200)). Suppose -c - 585 = -5*n. What is the units digit of n?
7
Suppose -6496 = -24*u + 23288. What is the hundreds digit of u?
2
Let v(h) = -h. Let n(q) = 5*q**2 + 23*q - 6. Let c(s) = n(s) + 3*v(s). What is the units digit of c(9)?
9
Let j(c) = 24*c + 6. Let a be j(2). Let l be ((-54)/(-12) - -2)/(2/(-8)). Let v = l + a. What is the tens digit of v?
2
Suppose -8*f + 3259 = -w - 11*f, -4*w = 3*f + 12991. Let b = -1571 - w. What is the hundreds digit of b?
6
Let l(u) = -297*u + 1659. What is the thousands digit of l(-66)?
1
Let a = -670 + 672. What is the units digit of 1514 - (a - 15/3)?
7
Suppose -66054 = 6695*b - 6696*b - 3*i, -3*b - i = -198138. What is the tens digit of b?
4
Suppose 20 = 3*o + 2*n, 5*n = -4 - 6. Suppose -o*v + 976 = 24. Let x = v + -36. What is the tens digit of x?
8
Let h = 4521 + -1452. What is the hundreds digit of h?
0
Let v = -829 + 1948. Suppose -v + 81 = -3*y. What is the hundreds digit of y?
3
Let i = 281 - 279. Let c(s) be the first derivative of 29*s**2 + 2*s - 2. What is the hundreds digit of c(i)?
1
Suppose -2*f - b + 11 = 3*f, 3*b = 5*f - 27. Suppose -u + 194 = 4*p - 376, u = -f*p + 568. What is the units digit of u?
2
Let d(b) = 4*b**2 - 56*b + 25. Let i(f) = f**3 + f**2 + 5*f - 5. Let n be i(2). What is the hundreds digit of d(n)?
2
Suppose -5211255 = 36*u - 68*u - 73*u. What is the tens digit of u?
3
Let g = 195 - 382. Let x = g + 1133. What is the units digit of x?
6
Let f(h) = 1647*h**2 + 18*h + 43. What is the hundreds digit of f(-2)?
5
Suppose -705 = -23*j + 77. Let g(q) = -q**3 + 35*q**2 - 12*q + 19. What is the hundreds digit of g(j)?
7
Let o be (-3